{"id":492,"date":"2019-11-29T13:25:48","date_gmt":"2019-11-29T10:25:48","guid":{"rendered":"http:\/\/www.klcbilgisayar.com\/vurgun1\/?page_id=492"},"modified":"2020-02-24T17:26:08","modified_gmt":"2020-02-24T14:26:08","slug":"hakkimizda","status":"publish","type":"page","link":"http:\/\/www.klcbilgisayar.com\/vurgun1\/hakkimizda","title":{"rendered":"Hakk\u0131m\u0131zda"},"content":{"rendered":"<div class=\"container section-title-container\" ><h3 class=\"section-title section-title-center\"><b><\/b><span class=\"section-title-main\" >Bizi Yak\u0131ndan Tan\u0131y\u0131n<\/span><b><\/b><\/h3><\/div><!-- .section-title -->\n<p><a href=\"http:\/\/www.klcbilgisayar.com\/vurgun1\/wp-content\/uploads\/2019\/11\/hakkimizda.jpg\"><img loading=\"lazy\" decoding=\"async\" class=\" wp-image-493 alignleft\" src=\"http:\/\/www.klcbilgisayar.com\/vurgun1\/wp-content\/uploads\/2019\/11\/hakkimizda-708x400.jpg\" alt=\"\" width=\"390\" height=\"220\" srcset=\"http:\/\/www.klcbilgisayar.com\/vurgun1\/wp-content\/uploads\/2019\/11\/hakkimizda-708x400.jpg 708w, http:\/\/www.klcbilgisayar.com\/vurgun1\/wp-content\/uploads\/2019\/11\/hakkimizda-600x339.jpg 600w, http:\/\/www.klcbilgisayar.com\/vurgun1\/wp-content\/uploads\/2019\/11\/hakkimizda-768x434.jpg 768w, http:\/\/www.klcbilgisayar.com\/vurgun1\/wp-content\/uploads\/2019\/11\/hakkimizda.jpg 1000w\" sizes=\"auto, (max-width: 390px) 100vw, 390px\" \/><\/a>Vurgun Av 1979 yilinda, Istanbul\u2019da kucuk bir atoleyede kurulmus olan kelepce ve silah bakim urunleri konusunda uzmanlasmis bir aile sirketidir. Firmamiz kuruldugu tarihden itibaren kaliteye verdigimiz onem ve musterilerimizle kurdugumuz guclu baglar nedeniyle, Turkiye ve dunyada alaninda sayginlik kazanmis, ayni zamanda ulkemizin de en buyuk kelepce ureticisi konumuna yukselmistir.<br \/>\nKatildigimiz ulusal ve uluslararasi fuarlar nedeniyle genis musteri portfolyosuna sahip, urunlerimizi basta Amerika Birlesik Devletleri, Almanya, Ispanya, Bulgaristan, Irak ve Sudan olmak uzere, bircok ulkeye ihrac etmekteyiz.<br \/>\nTeknoloji ve modernlestirmeye yaptigimiz surekli yatirimlar sebebiyle, yurtici piyasanin buyuk bir bolumune hakim olup, su an icin kelepcede 250.000, silah bakim setlerinde de 450.000 adet olan yillik uretim kapasitemizi istikrarli bir sekilde arttirmaktayiz.<\/p>\n","protected":false},"excerpt":{"rendered":"<p>Vurgun Av 1979 yilinda, Istanbul\u2019da kucuk bir atoleyede kurulmus olan kelepce ve silah bakim urunleri konusunda uzmanlasmis bir aile sirketidir. Firmamiz kuruldugu tarihden itibaren kaliteye verdigimiz onem ve musterilerimizle kurdugumuz guclu baglar nedeniyle, Turkiye ve dunyada alaninda sayginlik kazanmis, ayni zamanda ulkemizin de en buyuk kelepce ureticisi konumuna yukselmistir. Katildigimiz ulusal ve uluslararasi fuarlar nedeniyle<\/p>\n","protected":false},"author":1,"featured_media":0,"parent":0,"menu_order":0,"comment_status":"closed","ping_status":"closed","template":"","meta":{"footnotes":""},"class_list":["post-492","page","type-page","status-publish","hentry"],"_links":{"self":[{"href":"http:\/\/www.klcbilgisayar.com\/vurgun1\/wp-json\/wp\/v2\/pages\/492","targetHints":{"allow":["GET"]}}],"collection":[{"href":"http:\/\/www.klcbilgisayar.com\/vurgun1\/wp-json\/wp\/v2\/pages"}],"about":[{"href":"http:\/\/www.klcbilgisayar.com\/vurgun1\/wp-json\/wp\/v2\/types\/page"}],"author":[{"embeddable":true,"href":"http:\/\/www.klcbilgisayar.com\/vurgun1\/wp-json\/wp\/v2\/users\/1"}],"replies":[{"embeddable":true,"href":"http:\/\/www.klcbilgisayar.com\/vurgun1\/wp-json\/wp\/v2\/comments?post=492"}],"version-history":[{"count":9,"href":"http:\/\/www.klcbilgisayar.com\/vurgun1\/wp-json\/wp\/v2\/pages\/492\/revisions"}],"predecessor-version":[{"id":835,"href":"http:\/\/www.klcbilgisayar.com\/vurgun1\/wp-json\/wp\/v2\/pages\/492\/revisions\/835"}],"wp:attachment":[{"href":"http:\/\/www.klcbilgisayar.com\/vurgun1\/wp-json\/wp\/v2\/media?parent=492"}],"curies":[{"name":"wp","href":"https:\/\/api.w.org\/{rel}","templated":true}]}}